tors of 714440.
2, 5, 53, 337
List the prime factors of 4430483.
4430483
What are the prime factors of 14112893?
53, 266281
What are the prime factors of 8610600?
2, 3, 5, 113, 127
List the prime factors of 315263.
13, 24251
What are the prime factors of 5755512?
2, 3, 7, 34259
List the prime factors of 1359006.
2, 3, 11, 59, 349
List the prime factors of 21379046.
2, 13, 89, 9239
List the prime factors of 15539.
41, 379
What are the prime factors of 16615678?
2, 1223, 6793
List the prime factors of 9766598.
2, 179, 27281
List the prime factors of 2346205.
5, 469241
List the prime factors of 472582.
2, 11, 21481
List the prime factors of 279014.
2, 61, 2287
List the prime factors of 730171.
13, 56167
What are the prime factors of 3317784?
2, 3, 138241
What are the prime factors of 173056?
2, 13
List the prime factors of 65529.
3, 809
List the prime factors of 599213.
599213
What are the prime factors of 5390451?
3, 11, 54449
What are the prime factors of 2218681?
89, 97, 257
List the prime factors of 624085.
5, 7, 11, 1621
List the prime factors of 19578217.
37, 199, 2659
What are the prime factors of 2234997?
3, 103, 2411
List the prime factors of 561222.
2, 3, 19, 547
What are the prime factors of 763622?
2, 173, 2207
List the prime factors of 125367.
3, 11, 29, 131
What are the prime factors of 239006?
2, 119503
List the prime factors of 3006532.
2, 751633
List the prime factors of 1521172.
2, 131, 2903
List the prime factors of 14591.
14591
What are the prime factors of 2175761?
7, 310823
List the prime factors of 78779.
78779
What are the prime factors of 290394?
2, 3, 13, 17, 73
List the prime factors of 76242.
2, 3, 97, 131
List the prime factors of 431352.
2, 3, 1997
What are the prime factors of 89529?
3, 11, 2713
What are the prime factors of 503348?
2, 19, 37, 179
List the prime factors of 3642926.
2, 7, 260209
What are the prime factors of 723208?
2, 90401
List the prime factors of 1604128.
2, 50129
What are the prime factors of 18045845?
5, 461, 7829
List the prime factors of 4256257.
4256257
What are the prime factors of 273550?
2, 5, 5471
What are the prime factors of 7859683?
13, 46507
What are the prime factors of 274253?
7, 29, 193
What are the prime factors of 171787?
7, 11, 23, 97
What are the prime factors of 15508867?
11, 227, 6211
List the prime factors of 9844860.
2, 3, 5, 71, 2311
List the prime factors of 260984.
2, 17, 19, 101
What are the prime factors of 4109313?
3, 13, 105367
List the prime factors of 5980561.
5980561
What are the prime factors of 1966431?
3, 23, 28499
List the prime factors of 90666.
2, 3, 23, 73
List the prime factors of 10599254.
2, 5299627
List the prime factors of 363593.
599, 607
List the prime factors of 806869.
7, 73, 1579
What are the prime factors of 739579?
739579
What are the prime factors of 266012?
2, 73, 911
List the prime factors of 522940.
2, 5, 11, 2377
List the prime factors of 4794098.
2, 2397049
What are the prime factors of 1627654?
2, 7, 19, 29, 211
List the prime factors of 1203251.
7, 19, 83, 109
List the prime factors of 226945.
5, 45389
List the prime factors of 35797634.
2, 19, 942043
List the prime factors of 176517.
3, 11, 1783
What are the prime factors of 4452956?
2, 1113239
What are the prime factors of 8864892?
2, 3, 246247
What are the prime factors of 12072827?
13, 928679
List the prime factors of 4387597.
317, 13841
What are the prime factors of 1621387?
131, 12377
List the prime factors of 752293.
752293
List the prime factors of 6732392.
2, 841549
What are the prime factors of 202084?
2, 19, 2659
List the prime factors of 8363190.
2, 3, 5, 11, 25343
What are the prime factors of 2231667?
3, 23, 10781
List the prime factors of 18038055.
3, 5, 7, 37, 4643
What are the prime factors of 652822?
2, 61, 5351
What are the prime factors of 185624?
2, 23203
List the prime factors of 454191.
3, 151397
List the prime factors of 4065826.
2, 151, 13463
List the prime factors of 6868085.
5, 7, 17, 97
What are the prime factors of 204419?
367, 557
List the prime factors of 2392568.
2, 37, 59, 137
What are the prime factors of 7403077?
11, 151, 4457
What are the prime factors of 5201597?
79, 65843
What are the prime factors of 456322?
2, 151, 1511
List the prime factors of 394242.
2, 3, 65707
List the prime factors of 6893222.
2, 7, 31, 2269
List the prime factors of 52752.
2, 3, 7, 157
List the prime factors of 2549318.
2, 179, 7121
List the prime factors of 768832.
2, 41, 293
What are the prime factors of 175628?
2, 23, 83
List the prime factors of 717243.
3, 239081
What are the prime factors of 1899178?
2, 949589
What are the prime factors of 34348401?
3, 1272163
What are the prime factors of 901023?
3, 157, 1913
What are the prime factors of 109655?
5, 7, 13, 241
What are the prime factors of 319833?
3, 35537
List the prime factors of 366981.
3, 122327
List the prime factors of 495776.
2, 15493
What are the prime factors of 15696900?
2, 3, 5, 107, 163
What are the prime factors of 1110591?
3, 13711
What are the prime factors of 782153?
17, 139, 331
What are the prime factors of 1358140?
2, 5, 7, 89, 109
What are the prime factors of 863093?
7, 11, 1019
What are the prime factors of 1277100?
2, 3, 5, 11, 43
What are the prime factors of 755715?
3, 5, 83, 607
What are the prime factors of 34269?
3, 11423
List the prime factors of 1128084.
2, 3, 94007
List the prime factors of 137519.
137519
List the prime factors of 16553466.
2, 3, 89, 10333
What are the prime factors of 70172?
2, 53, 331
List the prime factors of 200217.
3, 66739
List the prime factors of 1577045.
5, 315409
What are the prime factors of 8791?
59, 149
List the prime factors of 1060153.
29, 139, 263
What are the prime factors of 259224?
2, 3, 7, 1543
List the prime factors of 307106.
2, 43, 3571
What are the prime factors of 5606759?
5606759
What are the prime factors of 10426329?
3, 1158481
List the prime factors of 31041746.
2, 97, 160009
What are the prime factors of 10283986?
2, 5141993
List the prime factors of 1295412.
2, 3, 107951
List the prime factors of 4090239.
3, 37, 71, 173
List the prime factors of 2307190.
2, 5, 230719
What are the prime factors of 14564?
2, 11, 331
What are the prime factors of 1394176?
2, 7, 389
List the prime factors of 15921945.
3, 5, 13, 17, 1601
List the prime factors of 6581427.
3, 23, 95383
What are the prime factors of 2705914?
2, 1352957
What are the prime factors of 203942?
2, 107, 953
List the prime factors of 7418001.
3, 17, 145451
What are the prime factors of 89643?
3, 29881
What are the prime factors of 1234183?
17, 19, 3821
What are the prime factors of 2090979?
3, 11, 21121
List the prime factors of 6682885.
5, 11, 121507
What are the prime factors of 29789773?
13, 37, 61933
What are the prime factors of 1002902?
2, 501451
What are the prime factors of 4433518?
2, 2216759
List the prime factors of 323695.
5, 41, 1579
List the prime factors of 758799.
3, 59, 1429
List the prime factors of 155322.
2, 3, 8629
List the prime factors of 609.
3, 7, 29
List the prime factors of 170045.
5, 71, 479
List the prime factors of 1251529.
1251529
List the prime factors of 351145.
5, 70229
List the prime factors of 95608.
2, 17, 19, 37
What are the prime factors of 552710?
2, 5, 19, 2909
List the prime factors of 2662304.
2, 271, 307
List the prime factors of 1220131.
11, 110921
What are the prime factors of 5067031?
601, 8431
List the prime factors of 3091610.
2, 5, 101, 3061
What are the prime factors of 322996?
2, 80749
List the prime factors of 7501575.
3, 5, 29, 3449
List the prime factors of 2931657.
3, 181, 5399
List the prime factors of 2514856.
2, 314357
List the prime factors of 397062.
2, 3, 19, 43
What are the prime factors of 338170?
2, 5, 7, 4831
What are the prime factors of 8054519?
11, 732229
List the prime factors of 259137.
3, 28793
What are the prime factors of 2307664?
2, 19, 7591
What are the prime factors of 1521788?
2, 380447
What are the prime factors of 7822955?
5, 7, 101, 2213
What are the prime factors of 825367?
17, 47, 1033
List the prime factors of 611341.
89, 6869
What are the prime factors of 117302?
2, 89, 659
List the prime factors of 2023008.
2, 3, 13, 1621
What are the prime factors of 11078081?
7, 1582583
What are the prime factors